{"id":34,"date":"2022-09-29T16:14:24","date_gmt":"2022-09-29T14:14:24","guid":{"rendered":"https:\/\/esgoetagung.wordpress.com\/?page_id=34"},"modified":"2023-04-20T09:56:27","modified_gmt":"2023-04-20T07:56:27","slug":"home-2","status":"publish","type":"page","link":"https:\/\/tagung.karmel.at\/?page_id=34","title":{"rendered":"Tagung 2022: \u00fcber Edith Stein, Empathie und Einf\u00fchlung"},"content":{"rendered":"\n<h1 class=\"has-text-align-center has-x-large-font-size\">&#8222;Ich will Dich sehen, wie Du bist&#8220; Andere Verstehen &#8211; Empathie nach Edith Stein <\/h1>\n\n\n\n<p class=\"has-text-align-center has-medium-font-size\">\u201cDas auffassende Verm\u00f6gen, welches in den Geisteswissenschaften wirkt, ist der ganze Mensch\u201c: nur wer sich selbst als Person, als sinnvolles Ganzes erlebt, kann andere Personen verstehen.<\/p>\n\n\n\n<p><\/p>\n\n\n\n<h2 class=\"has-large-font-size\">28. \/ 29. Oktober 2022: Wien, \u00d6sterreich<\/h2>\n\n\n\n<p class=\"has-medium-font-size\" style=\"line-height:0.5\">In Pr\u00e4senz und \u00fcber Livestream<\/p>\n\n\n\n<p class=\"has-medium-font-size\" style=\"line-height:0.5\">Festsaal im Erzbisch\u00f6flichen Palais&nbsp;<\/p>\n\n\n\n<p class=\"has-medium-font-size\" style=\"line-height:0.5\">Wollzeile 2, 1010 Wien<\/p>\n\n\n\n<figure class=\"wp-block-image size-large\"><img loading=\"lazy\" width=\"656\" height=\"768\" src=\"http:\/\/tagung.karmel.at\/wp-content\/uploads\/2022\/10\/webpage-programm-d-1.png?w=656\" alt=\"\" class=\"wp-image-341\" srcset=\"https:\/\/tagung.karmel.at\/wp-content\/uploads\/2022\/10\/webpage-programm-d-1.png 656w, https:\/\/tagung.karmel.at\/wp-content\/uploads\/2022\/10\/webpage-programm-d-1-256x300.png 256w\" sizes=\"(max-width: 656px) 100vw, 656px\" \/><\/figure>\n\n\n\n<figure class=\"wp-block-image size-large\"><img loading=\"lazy\" width=\"702\" height=\"768\" src=\"http:\/\/tagung.karmel.at\/wp-content\/uploads\/2022\/10\/webpage-programm-b-2.png?w=702\" alt=\"\" class=\"wp-image-284\" srcset=\"https:\/\/tagung.karmel.at\/wp-content\/uploads\/2022\/10\/webpage-programm-b-2.png 702w, https:\/\/tagung.karmel.at\/wp-content\/uploads\/2022\/10\/webpage-programm-b-2-274x300.png 274w\" sizes=\"(max-width: 702px) 100vw, 702px\" \/><\/figure>\n\n\n\n<p class=\"has-text-align-center\"><a href=\"https:\/\/tagung.karmel.at\/?page_id=289\" data-type=\"page\" data-id=\"289\">Programm (Textversion)<\/a><\/p>\n\n\n\n<div class=\"wp-container-3 wp-block-columns\">\n<div class=\"wp-container-1 wp-block-column\" style=\"flex-basis:50%\">\n<div class=\"wp-block-file\"><a id=\"wp-block-file--media-ea7e4004-1eef-40b8-a2c6-ade621e79bf1\" href=\"http:\/\/tagung.karmel.at\/wp-content\/uploads\/2022\/10\/webpage-programm-d.png\" target=\"_blank\" rel=\"noreferrer noopener\">Programm als Bild<\/a><a href=\"http:\/\/tagung.karmel.at\/wp-content\/uploads\/2022\/10\/webpage-programm-d.png\" class=\"wp-block-file__button wp-element-button\" download aria-describedby=\"wp-block-file--media-ea7e4004-1eef-40b8-a2c6-ade621e79bf1\">Download<\/a><\/div>\n<\/div>\n\n\n\n<div class=\"wp-container-2 wp-block-column\" style=\"flex-basis:50%\">\n<div class=\"wp-block-file\"><a id=\"wp-block-file--media-44bbdf73-0396-47b3-86e1-bdd73b223edc\" href=\"http:\/\/tagung.karmel.at\/wp-content\/uploads\/2022\/10\/programm-1.0-pdf.pdf\" target=\"_blank\" rel=\"noreferrer noopener\">Programm als PDF<\/a><a href=\"http:\/\/tagung.karmel.at\/wp-content\/uploads\/2022\/10\/programm-1.0-pdf.pdf\" class=\"wp-block-file__button wp-element-button\" download aria-describedby=\"wp-block-file--media-44bbdf73-0396-47b3-86e1-bdd73b223edc\">Download<\/a><\/div>\n<\/div>\n<\/div>\n","protected":false},"excerpt":{"rendered":"<p>&#8222;Ich will Dich sehen, wie Du bist&#8220; Andere Verstehen &#8211; Empathie nach Edith Stein \u201cDas auffassende Verm\u00f6gen, welches in den Geisteswissenschaften wirkt, ist der ganze Mensch\u201c: nur wer sich selbst als Person, als sinnvolles Ganzes erlebt, kann andere Personen verstehen. 28. \/ 29. Oktober 2022: Wien, \u00d6sterreich In Pr\u00e4senz und \u00fcber Livestream Festsaal im Erzbisch\u00f6flichen &hellip; <\/p>\n<p class=\"link-more\"><a href=\"https:\/\/tagung.karmel.at\/?page_id=34\" class=\"more-link\">Continue reading<span class=\"screen-reader-text\"> &#8222;Tagung 2022: \u00fcber Edith Stein, Empathie und Einf\u00fchlung&#8220;<\/span><\/a><\/p>\n","protected":false},"author":1,"featured_media":0,"parent":0,"menu_order":0,"comment_status":"closed","ping_status":"closed","template":"header-footer-only","meta":[],"_links":{"self":[{"href":"https:\/\/tagung.karmel.at\/index.php?rest_route=\/wp\/v2\/pages\/34"}],"collection":[{"href":"https:\/\/tagung.karmel.at\/index.php?rest_route=\/wp\/v2\/pages"}],"about":[{"href":"https:\/\/tagung.karmel.at\/index.php?rest_route=\/wp\/v2\/types\/page"}],"author":[{"embeddable":true,"href":"https:\/\/tagung.karmel.at\/index.php?rest_route=\/wp\/v2\/users\/1"}],"replies":[{"embeddable":true,"href":"https:\/\/tagung.karmel.at\/index.php?rest_route=%2Fwp%2Fv2%2Fcomments&post=34"}],"version-history":[{"count":5,"href":"https:\/\/tagung.karmel.at\/index.php?rest_route=\/wp\/v2\/pages\/34\/revisions"}],"predecessor-version":[{"id":391,"href":"https:\/\/tagung.karmel.at\/index.php?rest_route=\/wp\/v2\/pages\/34\/revisions\/391"}],"wp:attachment":[{"href":"https:\/\/tagung.karmel.at\/index.php?rest_route=%2Fwp%2Fv2%2Fmedia&parent=34"}],"curies":[{"name":"wp","href":"https:\/\/api.w.org\/{rel}","templated":true}]}}