{"id":492,"date":"2025-08-26T09:31:23","date_gmt":"2025-08-26T07:31:23","guid":{"rendered":"https:\/\/tagung.karmel.at\/?page_id=492"},"modified":"2025-10-20T15:28:32","modified_gmt":"2025-10-20T13:28:32","slug":"programm-edith-stein-tagung-2025","status":"publish","type":"page","link":"https:\/\/tagung.karmel.at\/?page_id=492","title":{"rendered":"Programm Edith Stein Tagung 2025"},"content":{"rendered":"\n<div class=\"wp-container-1 wp-block-group\"><div class=\"wp-block-group__inner-container\"><\/div><\/div>\n\n\n\n<p><\/p>\n\n\n\n<p class=\"has-medium-font-size\"><strong>Freitag, den 24. Oktober 2025<\/strong><\/p>\n\n\n\n<p class=\"has-medium-font-size\">18.00 Uhr &#8211; Hl. Messe im Stephansdom<\/p>\n\n\n\n<p>Hauptzelebrant: P. Dr. Lukas Steinert OCD, Rom<\/p>\n\n\n\n<p class=\"has-medium-font-size\">19.30 Uhr &#8211; Begr\u00fc\u00dfung durch P. Roberto Maria Pirastu OCD, Pr\u00e4sident der ESG\u00d6<\/p>\n\n\n\n<div class=\"wp-block-media-text alignwide is-stacked-on-mobile\"><figure class=\"wp-block-media-text__media\"><img loading=\"lazy\" width=\"931\" height=\"691\" src=\"https:\/\/tagung.karmel.at\/wp-content\/uploads\/2025\/09\/HBGF-Profile-b.png\" alt=\"\" class=\"wp-image-524 size-full\" srcset=\"https:\/\/tagung.karmel.at\/wp-content\/uploads\/2025\/09\/HBGF-Profile-b.png 931w, https:\/\/tagung.karmel.at\/wp-content\/uploads\/2025\/09\/HBGF-Profile-b-300x223.png 300w, https:\/\/tagung.karmel.at\/wp-content\/uploads\/2025\/09\/HBGF-Profile-b-768x570.png 768w\" sizes=\"(max-width: 767px) 89vw, (max-width: 1000px) 54vw, (max-width: 1071px) 543px, 580px\" \/><\/figure><div class=\"wp-block-media-text__content\">\n<p>Er\u00f6ffnungsvortrag: <strong><strong>In Zeiten politischen Wandels: Worauf gr\u00fcndet Gemeinschaft?<\/strong><\/strong>&nbsp;<br>Nachdenken mit Edith Stein<br>Prof. Hanna-Barbara Gerl-Falkovitz<em>, Heiligenkreuz<\/em><\/p>\n<\/div><\/div>\n\n\n\n<details>\n  <summary>&nbsp;&nbsp;&nbsp;Zusammenfassung<\/summary>\n  <p><\/p>\n  <p>Nachdenken mit Edith Stein\n&#8222;Entscheidend bleibt f\u00fcr Edith Stein, gerade im Blick auf die nach dem Ersten Weltkrieg entstehende Verg\u00f6tzung von Gemeinschaft, Rasse, Volk, da\u00df jede Gemeinschaft deutlich auf dem Einzelnen, der Person und ihrer Verantwortlichkeit, aufgebaut wird. Diese Wurzel ihrer \u00dcberlegungen entspricht einer zutiefst demokratischen Theorie, die freilich den urteilsf\u00e4higen Einzelnen voraussetzt und ohne ihn nur eine von verdeckten Absichten gelenkte Demokratie wird. \nZudem entwickelt Edith Stein eine Theorie \u00fcber den Zusammenhang von Recht und Staat\n<\/p>\n<\/details>\n\n\n\n<p><\/p>\n\n\n\n<p class=\"has-medium-font-size\"><strong>Samstag, den 25. Oktober 2025<\/strong><\/p>\n\n\n\n<div class=\"wp-block-media-text alignwide is-stacked-on-mobile\"><figure class=\"wp-block-media-text__media\"><img loading=\"lazy\" width=\"600\" height=\"600\" src=\"https:\/\/tagung.karmel.at\/wp-content\/uploads\/2025\/10\/roberto_pirastu_profile-ohne-Background.png\" alt=\"\" class=\"wp-image-543 size-full\" srcset=\"https:\/\/tagung.karmel.at\/wp-content\/uploads\/2025\/10\/roberto_pirastu_profile-ohne-Background.png 600w, https:\/\/tagung.karmel.at\/wp-content\/uploads\/2025\/10\/roberto_pirastu_profile-ohne-Background-300x300.png 300w, https:\/\/tagung.karmel.at\/wp-content\/uploads\/2025\/10\/roberto_pirastu_profile-ohne-Background-150x150.png 150w, https:\/\/tagung.karmel.at\/wp-content\/uploads\/2025\/10\/roberto_pirastu_profile-ohne-Background-100x100.png 100w\" sizes=\"(max-width: 600px) 100vw, 600px\" \/><\/figure><div class=\"wp-block-media-text__content\">\n<p>9.30 Uhr &#8211; <strong><strong>Edith Stein inmitten der Krisen<\/strong><\/strong>: Krisen und Umbr\u00fcchen im eigenen Leben.<br><em>P. Dr. Roberto Maria Pirastu OCD, Rom<\/em><\/p>\n\n\n\n<p>(der urspr\u00fcnglich geplante Vortrag von\u00a0Dr. Ma\u0142gorzata Bogaczyk-Vormayr musste leider krankheitsbedingt\u00a0entfallen)<\/p>\n<\/div><\/div>\n\n\n\n<details>\n  <summary>&nbsp;&nbsp;&nbsp;Zusammenfassung<\/summary>\n  <p><\/p>\n  <p>Das Leben von Edith Stein ist durch Wandel und Ver\u00e4nderung, Krisen und Wiederbeginn gekennzeichnet: in ihrem pers\u00f6nlichen Leben, in der Familie und im Freundeskreis, in ihrer geistigen Biografie, gepr\u00e4gt durch Philosophie und Religion, in ihrem intellektuellen und beruflichen Leben, u.a.  angesichts des Zuwachses am falsch gedeuteten und letztendlich verbrecherisch angewandten technischen Fortschritt. Die Welt um sie herum war durch vielf\u00e4ltigen gesellschaftlichen und politischen Wandel, durch schlimmste Gewalt gepr\u00e4gt, aber auch durch Hoffnung und gro\u00dfe Weltneugier, wunderbare Kunst und beeindruckende wissenschaftliche Visionen. Woher kommen die Lebenskr\u00e4fte einer Person, die Widerstandskraft eines Individuums? Wie kann man in der Ver\u00e4nderung anstatt Chaos und Abgrund einen neuen Weg, neue Chancen erkennen? Wie verwandelt unsere Kreativit\u00e4t die uns gegebene Welt? Mein Vortrag soll ein Beitrag zur philosophischen Resilienzforschung sein.\n<\/p>\n<\/details>\n\n\n\n<p><\/p>\n\n\n\n<p class=\"has-medium-font-size\">10.30 Uhr &#8211; Pause<\/p>\n\n\n\n<div class=\"wp-block-media-text alignwide is-stacked-on-mobile\"><figure class=\"wp-block-media-text__media\"><img loading=\"lazy\" width=\"390\" height=\"586\" src=\"https:\/\/tagung.karmel.at\/wp-content\/uploads\/2025\/10\/Schoenborn_L.jpg\" alt=\"\" class=\"wp-image-539 size-full\" srcset=\"https:\/\/tagung.karmel.at\/wp-content\/uploads\/2025\/10\/Schoenborn_L.jpg 390w, https:\/\/tagung.karmel.at\/wp-content\/uploads\/2025\/10\/Schoenborn_L-200x300.jpg 200w\" sizes=\"(max-width: 390px) 100vw, 390px\" \/><\/figure><div class=\"wp-block-media-text__content\">\n<p>11 Uhr &#8211; <em>Dank an S. Em. Dr. Christoph Kardinal<br>Sch\u00f6nborn OP f\u00fcr seine Schirmherr-<br>schaft seit der Gr\u00fcndung der ESG\u00d6<\/em><\/p>\n<\/div><\/div>\n\n\n\n<p><\/p>\n\n\n\n<p class=\"has-medium-font-size\">12.00 Uhr &#8211; Mittagspause<\/p>\n\n\n\n<div class=\"wp-block-media-text alignwide is-stacked-on-mobile\"><figure class=\"wp-block-media-text__media\"><img loading=\"lazy\" width=\"1000\" height=\"1009\" src=\"https:\/\/tagung.karmel.at\/wp-content\/uploads\/2025\/09\/Lukas-Steinert-2.jpg\" alt=\"\" class=\"wp-image-527 size-full\" srcset=\"https:\/\/tagung.karmel.at\/wp-content\/uploads\/2025\/09\/Lukas-Steinert-2.jpg 1000w, https:\/\/tagung.karmel.at\/wp-content\/uploads\/2025\/09\/Lukas-Steinert-2-297x300.jpg 297w, https:\/\/tagung.karmel.at\/wp-content\/uploads\/2025\/09\/Lukas-Steinert-2-150x150.jpg 150w, https:\/\/tagung.karmel.at\/wp-content\/uploads\/2025\/09\/Lukas-Steinert-2-768x775.jpg 768w, https:\/\/tagung.karmel.at\/wp-content\/uploads\/2025\/09\/Lukas-Steinert-2-100x100.jpg 100w\" sizes=\"(max-width: 767px) 89vw, (max-width: 1000px) 54vw, (max-width: 1071px) 543px, 580px\" \/><\/figure><div class=\"wp-block-media-text__content\">\n<p>14.30 Uhr &#8211; <strong><strong>Geschichten des Ankommens: <\/strong><\/strong>Kontinuit\u00e4t und Bruch bei John Henry Newman und Edith Stein<br><em>P. Dr.&nbsp; Lukas Steinert OCD, Rom<\/em><\/p>\n<\/div><\/div>\n\n\n\n<details>\n  <summary>&nbsp;&nbsp;&nbsp;Zusammenfassung<\/summary>\n  <p><\/p>\n  <p>In den Jahren nach ihrer Konversion besch\u00e4ftigte sich Edith Stein eingehend mit den Schriften des englischen Konvertiten John Henry Newman. Sie \u00e4u\u00dfert ihre Bewunderung f\u00fcr seinen Lebensweg mit den Worten: \u201eSein ganzes Leben ist nur ein Suchen nach der religi\u00f6sen Wahrheit gewesen und hat ihn mit unausweichlicher Notwendigkeit zur katholischen Kirche gef\u00fchrt.\u201c\nSowohl die j\u00fcdische Philosophin als auch der anglikanische Theologe verstanden ihre Konversionen als Erf\u00fcllung eines tiefen inneren Suchens \u2013 auch wenn dieser Schritt zugleich einen schmerzlichen Bruch mit dem bisherigen Leben bedeutete. Doch gerade diese biografischen Br\u00fcche lassen eine \u00fcberraschende Kontinuit\u00e4t erkennen: eine beharrliche Sehnsucht, die im Verborgenen wirkte und sich schlie\u00dflich auf unerwartete Weise offenbarte.\nDer Vortrag geht den biografischen und geistigen Entwicklungen beider Pers\u00f6nlichkeiten nach und zeigt, wie sich Bruch und Kontinuit\u00e4t in ihren Lebensgeschichten, Denkbewegungen und Glaubensentscheidungen durchdringen. In Anlehnung an Newmans Wort \u201eIch habe nicht gegen das Licht ges\u00fcndigt\u201c wird deutlich, dass Treue zur Wahrheit auch Mut zum Aufbruch und zur Wandlung bedeuten kann.\n<\/p>\n<\/details>\n\n\n\n<p><\/p>\n\n\n\n<div class=\"wp-block-media-text alignwide is-stacked-on-mobile\"><figure class=\"wp-block-media-text__media\"><img loading=\"lazy\" width=\"456\" height=\"335\" src=\"https:\/\/tagung.karmel.at\/wp-content\/uploads\/2025\/09\/VGdO.webp\" alt=\"\" class=\"wp-image-525 size-full\" srcset=\"https:\/\/tagung.karmel.at\/wp-content\/uploads\/2025\/09\/VGdO.webp 456w, https:\/\/tagung.karmel.at\/wp-content\/uploads\/2025\/09\/VGdO-300x220.webp 300w\" sizes=\"(max-width: 456px) 100vw, 456px\" \/><\/figure><div class=\"wp-block-media-text__content\">\n<p>16.00 Uhr &#8211;  <strong>\u00ab\u00dcber die Wunden des Krieges hinausgehen\u00bb<\/strong><br><em>Valquiria Gon\u00e7alves de Oliveira<\/em>,<em> Belo Horizonte (Brasilien)<\/em><\/p>\n<\/div><\/div>\n\n\n\n<details>\n  <summary>&nbsp;&nbsp;&nbsp;Zusammenfassung<\/summary>\n  <p><\/p>\n  <p>Die ADI\/TIP-Methode (Therapie der Integration der Person) ist ein therapeutischer Weg, der den ganzen Menschen in seinen zwei Dimensionen \u2013 der psychophysischen und der spirituellen \u2013 betrachtet. Sie f\u00f6rdert die Heilung individueller und kollektiver Traumata, indem sie das \u201egesunde Selbst\u201c wiederherstellt, das in jedem Menschen gegenw\u00e4rtig ist. Die Methode wirkt direkt auf das Unbewusste und integriert K\u00f6rper, Geist, Seele und Psyche.\nDiese Methode basiert auf der Anthropologie und dem Denken der Philosophin Edith Stein. Sie erkannte, dass die \u201egro\u00dfe Krankheit unserer Zeit\u201c die innere Zerrissenheit des Menschen ist. Die Heilung, so Stein, liegt im Zugang zum vollen Menschsein und in der Bildung verwirklichter Menschen, die f\u00e4hig sind, ihre innere Einheit wiederherzustellen \u2013 und dadurch zum Frieden und zur Erneuerung der Gesellschaft beizutragen.\nDiese Reflexion ist heute aktueller denn je \u2013 besonders angesichts von Konflikten wie dem Krieg in der Ukraine, wo ich sechs Mal gewesen bin. Dort zeigen sich nicht nur \u00e4u\u00dfere Zerst\u00f6rung, sondern auch ein innerer Zusammenbruch, verursacht durch Angst, Ideologien und Werteverlust.\nDurch die Arbeit mit der ADI\/TIP-Methode konnte ich dort drei Dinge beobachten:\n\u20071.\u2060 \u2060Die \u00e4u\u00dfere Zerst\u00f6rung kann das innere Trauma verst\u00e4rken, das aufgearbeitet werden muss;\n\u20072.\u2060 \u2060In uns existiert ein gesundes Selbst, das in diesem Prozess der Aufarbeitung aktiviert werden kann;\n\u20073.\u2060 \u2060Auf dieser Grundlage ist auch ein \u00e4u\u00dferer Wiederaufbau m\u00f6glich \u2013 im Rahmen des M\u00f6glichen.\nSelbst unter den unmenschlichsten Bedingungen kann der Mensch einen Funken von Sinn, innerer Freiheit und Hoffnung in sich bewahren. Nicht weil das Leiden gerecht w\u00e4re, sondern weil wir inmitten des Leidens entdecken k\u00f6nnen, wer wir wirklich sind.\n<\/p>\n<\/details>\n\n\n\n<p><\/p>\n\n\n\n<div class=\"wp-block-media-text alignwide is-stacked-on-mobile\"><figure class=\"wp-block-media-text__media\"><img loading=\"lazy\" width=\"450\" height=\"495\" src=\"https:\/\/tagung.karmel.at\/wp-content\/uploads\/2025\/09\/2016_11_09_Quo_Vadis_Daniela_Koeder_450.jpg\" alt=\"\" class=\"wp-image-526 size-full\" srcset=\"https:\/\/tagung.karmel.at\/wp-content\/uploads\/2025\/09\/2016_11_09_Quo_Vadis_Daniela_Koeder_450.jpg 450w, https:\/\/tagung.karmel.at\/wp-content\/uploads\/2025\/09\/2016_11_09_Quo_Vadis_Daniela_Koeder_450-273x300.jpg 273w\" sizes=\"(max-width: 450px) 100vw, 450px\" \/><\/figure><div class=\"wp-block-media-text__content\">\n<p>17.00 Uhr &#8211; <strong><strong><em>Proexistenz als Schl\u00fcsselthema f\u00fcr das Verst\u00e4ndnis Edith Steins<\/em><\/strong><\/strong><br>Im Spannungsfeld zwischen Selbst-Sein und Sein-f\u00fcr- Andere<br><em>Dr. Daniela K\u00f6der, <\/em>Ditzingen<\/p>\n<\/div><\/div>\n\n\n\n<details>\n  <summary>&nbsp;&nbsp;&nbsp;Zusammenfassung<\/summary>\n  <p><\/p>\n  <p>Das Thema der Tagung Umbruch \u2013 Wandel \u2013 Mut hat viel mit dem Verst\u00e4ndnis des Menschen zu tun, der sich in der Welt, in Beziehung zu Anderen und Anderem befindet. Wir wollen anhand einiger biographischer Stationen anthropologische und theologische Einsichten Edith Steins nachgehen, die auch f\u00fcr unser gelingendes Leben wertvoll sein k\u00f6nnen. Es soll erarbeitet werden, inwieweit das Sein-f\u00fcr-Andere, die Proexistenz, zu einem erf\u00fcllten Selbstsein notwendig ist und in allem Wandel Best\u00e4ndigkeit zu geben vermag.\n<\/p>\n<\/details>\n\n\n\n<p class=\"has-medium-font-size\">Moderation der Tagung: MMag. Renate Tolunay OCDS<\/p>\n\n\n\n<p><\/p>\n\n\n\n<div class=\"wp-block-file\"><object class=\"wp-block-file__embed\" data=\"https:\/\/tagung.karmel.at\/wp-content\/uploads\/2025\/10\/A4_Edith-Stein-oktober-2025.pdf\" type=\"application\/pdf\" style=\"width:100%;height:600px\" aria-label=\"Embed of Plakat.\"><\/object><a id=\"wp-block-file--media-d1082c26-be57-47b1-877d-a2071a365928\" href=\"https:\/\/tagung.karmel.at\/wp-content\/uploads\/2025\/10\/A4_Edith-Stein-oktober-2025.pdf\">Plakat<\/a><a href=\"https:\/\/tagung.karmel.at\/wp-content\/uploads\/2025\/10\/A4_Edith-Stein-oktober-2025.pdf\" class=\"wp-block-file__button\" download aria-describedby=\"wp-block-file--media-d1082c26-be57-47b1-877d-a2071a365928\">zum Herunterladen<\/a><\/div>\n","protected":false},"excerpt":{"rendered":"<p>Freitag, den 24. Oktober 2025 18.00 Uhr &#8211; Hl. Messe im Stephansdom Hauptzelebrant: P. Dr. Lukas Steinert OCD, Rom 19.30 Uhr &#8211; Begr\u00fc\u00dfung durch P. Roberto Maria Pirastu OCD, Pr\u00e4sident der ESG\u00d6 Er\u00f6ffnungsvortrag: In Zeiten politischen Wandels: Worauf gr\u00fcndet Gemeinschaft?&nbsp;Nachdenken mit Edith SteinProf. Hanna-Barbara Gerl-Falkovitz, Heiligenkreuz &nbsp;&nbsp;&nbsp;Zusammenfassung Nachdenken mit Edith Stein &#8222;Entscheidend bleibt f\u00fcr Edith &hellip; <\/p>\n<p class=\"link-more\"><a href=\"https:\/\/tagung.karmel.at\/?page_id=492\" class=\"more-link\">Continue reading<span class=\"screen-reader-text\"> &#8222;Programm Edith Stein Tagung 2025&#8220;<\/span><\/a><\/p>\n","protected":false},"author":2,"featured_media":311,"parent":0,"menu_order":0,"comment_status":"closed","ping_status":"closed","template":"","meta":[],"_links":{"self":[{"href":"https:\/\/tagung.karmel.at\/index.php?rest_route=\/wp\/v2\/pages\/492"}],"collection":[{"href":"https:\/\/tagung.karmel.at\/index.php?rest_route=\/wp\/v2\/pages"}],"about":[{"href":"https:\/\/tagung.karmel.at\/index.php?rest_route=\/wp\/v2\/types\/page"}],"author":[{"embeddable":true,"href":"https:\/\/tagung.karmel.at\/index.php?rest_route=\/wp\/v2\/users\/2"}],"replies":[{"embeddable":true,"href":"https:\/\/tagung.karmel.at\/index.php?rest_route=%2Fwp%2Fv2%2Fcomments&post=492"}],"version-history":[{"count":16,"href":"https:\/\/tagung.karmel.at\/index.php?rest_route=\/wp\/v2\/pages\/492\/revisions"}],"predecessor-version":[{"id":544,"href":"https:\/\/tagung.karmel.at\/index.php?rest_route=\/wp\/v2\/pages\/492\/revisions\/544"}],"wp:featuredmedia":[{"embeddable":true,"href":"https:\/\/tagung.karmel.at\/index.php?rest_route=\/wp\/v2\/media\/311"}],"wp:attachment":[{"href":"https:\/\/tagung.karmel.at\/index.php?rest_route=%2Fwp%2Fv2%2Fmedia&parent=492"}],"curies":[{"name":"wp","href":"https:\/\/api.w.org\/{rel}","templated":true}]}}